culate the remainder when 69727 is divided by 594.
229
What is the remainder when 28282499 is divided by 270?
269
Calculate the remainder when 196427 is divided by 1721.
233
Calculate the remainder when 15296115 is divided by 1454.
35
What is the remainder when 408677 is divided by 135895?
992
What is the remainder when 140439809 is divided by 541?
537
What is the remainder when 716939 is divided by 716917?
22
What is the remainder when 39856927 is divided by 41?
7
What is the remainder when 2494144 is divided by 249411?
34
Calculate the remainder when 19627248 is divided by 171.
39
Calculate the remainder when 804858 is divided by 33.
21
Calculate the remainder when 21573950 is divided by 4267.
4265
Calculate the remainder when 33878625 is divided by 1093.
1090
Calculate the remainder when 54258 is divided by 527.
504
What is the remainder when 7521971 is divided by 120?
11
What is the remainder when 132954 is divided by 16604?
122
Calculate the remainder when 114160 is divided by 37814.
718
What is the remainder when 1187285 is divided by 2310?
2255
What is the remainder when 7052754 is divided by 287?
16
What is the remainder when 133976 is divided by 26782?
66
What is the remainder when 158463 is divided by 158305?
158
What is the remainder when 2409442 is divided by 114733?
49
What is the remainder when 1987646 is divided by 278?
224
Calculate the remainder when 5978513 is divided by 56.
9
Calculate the remainder when 1173168 is divided by 218.
110
Calculate the remainder when 47705614 is divided by 7.
5
Calculate the remainder when 1376517 is divided by 1376512.
5
What is the remainder when 92318 is divided by 1488?
62
What is the remainder when 2277442 is divided by 217?
27
What is the remainder when 3105342 is divided by 9027?
54
Calculate the remainder when 8108429 is divided by 229.
226
Calculate the remainder when 42937314 is divided by 139.
75
Calculate the remainder when 45676952 is divided by 113.
92
Calculate the remainder when 171019702 is divided by 31.
18
Calculate the remainder when 127765289 is divided by 1213.
1212
Calculate the remainder when 7590667 is divided by 324.
319
What is the remainder when 10725237 is divided by 18?
9
Calculate the remainder when 2278923 is divided by 434.
423
What is the remainder when 46291025 is divided by 4208274?
11
Calculate the remainder when 6974 is divided by 556.
302
What is the remainder when 83512683 is divided by 8351268?
3
What is the remainder when 10978914 is divided by 1568414?
16
Calculate the remainder when 172313118 is divided by 113663.
10
What is the remainder when 5539158 is divided by 11?
9
Calculate the remainder when 395048 is divided by 17176.
0
What is the remainder when 595534 is divided by 13234?
4
What is the remainder when 121501 is divided by 139?
15
Calculate the remainder when 406873014 is divided by 341.
339
Calculate the remainder when 672257 is divided by 104.
1
What is the remainder when 119770 is divided by 9977?
46
Calculate the remainder when 3997004 is divided by 366.
284
Calculate the remainder when 3503591 is divided by 109482.
167
Calculate the remainder when 26040549 is divided by 166.
129
Calculate the remainder when 2867 is divided by 1271.
325
Calculate the remainder when 796925 is divided by 40.
5
Calculate the remainder when 1321759 is divided by 22.
21
What is the remainder when 1543836 is divided by 257119?
1122
What is the remainder when 11909842 is divided by 38921?
16
Calculate the remainder when 170033197 is divided by 21.
19
What is the remainder when 5820489 is divided by 130?
129
What is the remainder when 17420782 is divided by 544399?
14
What is the remainder when 395332 is divided by 67?
32
Calculate the remainder when 1584310 is divided by 5599.
5392
What is the remainder when 154266 is divided by 702?
528
What is the remainder when 250489 is divided by 559?
57
What is the remainder when 1572161 is divided by 63?
59
Calculate the remainder when 2299221 is divided by 54.
9
What is the remainder when 8373140 is divided by 523321?
4
Calculate the remainder when 7428864 is divided by 7.
2
Calculate the remainder when 13806448 is divided by 347.
12
What is the remainder when 3179051 is divided by 54?
17
What is the remainder when 690508 is divided by 1996?
1888
Calculate the remainder when 763617 is divided by 3184.
2641
What is the remainder when 666883 is divided by 1940?
1463
What is the remainder when 1918138 is divided by 227?
215
What is the remainder when 97960564 is divided by 6?
4
Calculate the remainder when 65122 is divided by 1962.
376
Calculate the remainder when 3824794 is divided by 917.
904
Calculate the remainder when 3136926 is divided by 22091.
4
Calculate the remainder when 19369 is divided by 6005.
1354
What is the remainder when 5323994 is divided by 500?
494
What is the remainder when 29081 is divided by 980?
661
Calculate the remainder when 116446 is divided by 11115.
5296
What is the remainder when 369980 is divided by 92248?
988
Calculate the remainder when 295744 is divided by 527.
97
What is the remainder when 611914 is divided by 51?
16
Calculate the remainder when 1360533 is divided by 2611.
202
Calculate the remainder when 4205026 is divided by 2115.
406
Calculate the remainder when 79708563 is divided by 394.
393
Calculate the remainder when 332764443 is divided by 11092148.
3
Calculate the remainder when 2017450 is divided by 3002.
106
What is the remainder when 1341169 is divided by 150?
19
Calculate the remainder when 276280245 is divided by 43.
42
What is the remainder when 203095 is divided by 40447?
860
What is the remainder when 13255317 is divided by 946807?
19
Calculate the remainder when 85095 is divided by 85090.
5
What is the remainder when 234631 is divided by 176?
23
Calculate the remainder when 3384787 is divided by 41.
32
Calculate the remainder when 914220 is divided by 152332.
228
What is the remainder when 22182 is divided by 713?
79
Calculate the remainder when 2174957 is divided by 779.
768
Calculate the remainder when 10866642 is divided by 543332.
2
Calculate the remainder when 2627175 is divided by 875449.
828
What is the remainder when 706861725 is divided by 218?
213
Calculate the remainder when 45355423 is divided by 8.
7
Calculate the remainder when 3940637 is divided by 1313518.
83
Calculate the remainder when 526401 is divided by 2543.
0
Calculate the remainder when 5666717 is divided by 70833.
77
What is the remainder when 1813960 is divided by 379?
66
Calculate the remainder when 446204 is divided by 7828.
8
Calculate the remainder when 63145 is divided by 20843.
616
Calculate the remainder when 2175088 is divided by 38158.
82
Calculate the remainder when 4893356 is divided by 111212.
28
What is the remainder when 100399 is divided by 19767?
1564
Calculate the remainder when 709898 is divided by 871.
33
Calculate the remainder when 19213 is divided by 946.
293
Calculate the remainder when 1249703 is divided by 29.
6
What is the remainder when 2575685 is divided by 18011?
112
Calculate the remainder when 2928103 is divided by 585513.
538
Calculate the remainder when 505154 is divided by 636.
170
What is the remainder when 59187 is divided by 5363?
194
What is the remainder when 787349 is divided by 538?
255
Calculate the remainder when 3532785 is divided by 441595.
25
Calculate the remainder when 16302552 is divided by 2745.
2742
Calculate the remainder when 295847 is divided by 97969.
1940
What is the remainder when 140007747 is divided by 232571?
5
Calculate the remainder when 8087196 is divided by 8668.
8620
What is the remainder when 73420 is divided by 10468?
144
What is the remainder when 13691764 is divided by 18?
10
Calculate the remainder when 3463537 is divided by 7338.
1
What is the remainder when 21658021 is divided by 76?
73
What is the remainder when 19624709 is divided by 80?
69
What is the remainder when 10746656 is divided by 126431?
21
Calculate the remainder when 4114006 is divided by 342832.
22
Calculate the remainder when 749180384 is divided by 53.
50
What is the remainder when 414420 is divided by 56?
20
Calculate the remainder when 12339539 is divided by 167.
76
Calculate the remainder when 1519716 is divided by 11597.
509
Calculate the remainder